he prime factors of v.
3
Let s be 4/6*(-3)/2. Let h = s + -3. What are the prime factors of (h/(-6))/(1/18)?
2, 3
Let c = 506 - 348. Suppose -c = -3*u - 41. What are the prime factors of u?
3, 13
Let j = -15 - -24. Suppose 4*n + 7 - 1 = -3*c, 3*c = 5*n + 21. Suppose -q = -j + c. What are the prime factors of q?
7
Let c = 103 + -93. List the prime factors of c.
2, 5
Let m(y) = 10*y + 3. Let z be m(3). Suppose -g - z = 2*g. What are the prime factors of g/(-2) - 2/4?
5
Suppose x - 3*w + 3 = w, x - w = 3. List the prime factors of x.
5
Let p(y) = 2*y**2 - 13*y + 10. What are the prime factors of p(15)?
5, 53
Let o = -54 - -4. Let r = o + 83. List the prime factors of r.
3, 11
Suppose 0 = 2*r - u - 14, -5*r - 5*u = -0*r - 5. Let d be (-4)/(-2) - (-5)/r. Suppose 4*l - d*l = 15. What are the prime factors of l?
3, 5
Let k(n) = 44*n**2 + 1. What are the prime factors of k(-1)?
3, 5
Let p = -112 - -213. Suppose 4*l + p = 5*r + 15, -5*l - 114 = -3*r. Let s = -11 - l. What are the prime factors of s?
13
Let x = 216 + -91. What are the prime factors of x?
5
Let q = -101 - -183. List the prime factors of q.
2, 41
Let k = 106 - 23. What are the prime factors of k?
83
Suppose -4*u - 6*m + m - 261 = 0, 3*u = -3*m - 192. Let y = 42 + u. Let t = -10 - y. What are the prime factors of t?
7
Let b be ((-2)/4)/((-2)/12). Suppose 2*y = 3*k + 15, -b*y + 3*k + 29 = 5*k. List the prime factors of y.
3
Suppose 0 = -0*q + 4*q - 8. Suppose -4 = -q*f - 2. List the prime factors of 3/1 - f - -3.
5
Let k(d) be the second derivative of -d**4/12 - 4*d**3/3 + 3*d**2/2 + 3*d. What are the prime factors of k(-6)?
3, 5
Let n = -7 + 9. Let q be (n + -5)*(-2)/3. Suppose 0 = q*u - u - 7. List the prime factors of u.
7
Let y(u) = -5*u + 52. List the prime factors of y(-13).
3, 13
Let j be 1*(-2)/4*-24. Suppose 5*n - 50 - j = 3*t, 0 = 3*n - 3*t - 36. Suppose n = r - 3*o, -r + 3*o = 4*r - 53. List the prime factors of r.
2, 5
Let z(b) = 4*b**2 - b - 1. Let x be z(2). Let s(w) = 26*w**3 - 2*w**2 + w. Let m be s(1). Let q = m - x. List the prime factors of q.
2, 3
Let c = -5 + 9. Let q(p) = 8*p - 1. What are the prime factors of q(c)?
31
Let f(z) = 5*z**3 + 2 + z**3 - 4*z**3 + z - 2*z - 2*z**2. Let h be f(2). Suppose h*u + 16 = 4*u, l - 2*u - 12 = 0. What are the prime factors of l?
2
Let x = 17 - 15. Suppose 3*h + x*h - 195 = 0. What are the prime factors of h?
3, 13
List the prime factors of 240/42 + 4/14.
2, 3
Suppose -a - 3 = 0, 3*v + 2*a - 5*a = 0. What are the prime factors of 4/12 + (-98)/v?
3, 11
What are the prime factors of ((-8)/(-12))/((-2)/(-129))?
43
Suppose 5*s = s + 152. Let y = -4 + s. List the prime factors of y.
2, 17
Let s = 189 + -61. Suppose -3*g = 5*c - 101, 6*c = -4*g + c + s. What are the prime factors of g?
3
Let c(p) = p + 18. List the prime factors of c(-7).
11
Let m be (-237)/(-33) + (-10)/55. Suppose -i + 9 = m. List the prime factors of i.
2
Let j(n) = -21*n**3 + 3*n + 9. Let l(w) = 10*w**3 - 2*w - 5. Let p(h) = -4*j(h) - 7*l(h). List the prime factors of p(1).
3, 5
Let r(h) = -h**2 - 10*h - 7. Let c = -17 + 11. List the prime factors of r(c).
17
Let f(y) = y**3 - 8*y**2 - 13*y - 1. List the prime factors of f(10).
3, 23
Suppose -g = 3*g + 4*c + 12, -5*c + 15 = -g. What are the prime factors of g/20 + 25/4?
2, 3
Suppose 0 = 6*s - 4*s - 62. List the prime factors of s.
31
Let g = -22 + 24. Suppose 0 = g*h - 5*t - 125, 3*t - 1 = 4*t. What are the prime factors of h?
2, 3, 5
Let l = 76 + -29. List the prime factors of l.
47
Let p(v) be the second derivative of v**4/12 + v**3/6 + 11*v**2/2 + 3*v. What are the prime factors of p(0)?
11
Suppose -12 - 13 = -5*c. Suppose 2*r = -2*o + r, 0 = 3*o + c*r + 14. List the prime factors of (-42)/(-24) + o/8.
2
Suppose 412 = 37*z - 33*z. List the prime factors of z.
103
Suppose -4*p - p = -20. Let w = p - -7. Let z = w + -4. List the prime factors of z.
7
Suppose -6 = 3*w, 2*q = -5*w + 18 + 32. What are the prime factors of q?
2, 3, 5
Suppose 0 - 3 = -s. Suppose -s*c - 4*z - 18 = 0, 3*c - z = c - 1. Let m = c - -8. List the prime factors of m.
2, 3
Let i = -6 + 14. What are the prime factors of i?
2
Let g = 3 + 2. Suppose -c + 4*r - 1 = -13, g*c = -4*r + 108. Suppose 4*i = 24 + c. List the prime factors of i.
11
Let c(f) = -f**3 - f**2 + 12. Let l be c(0). Suppose 2*j + 2*j = -l, -4*s - 2*j = -42. What are the prime factors of s?
2, 3
Let r be 1/(2/(-36)*-3). List the prime factors of 58/4 - (-3)/r.
3, 5
Suppose -2*i = -2 - 4. Suppose s - 3 = i. List the prime factors of s.
2, 3
Let x = 5 + 1. Suppose n - 11 = -3*m, 4*n + 5*m - x = 17. What are the prime factors of n?
2
Suppose 0*d - 2*d + 408 = 0. What are the prime factors of d?
2, 3, 17
Suppose 9 = -4*f - 3*u, 3*f + f - 3*u - 9 = 0. Suppose 4*z + 0*y = -4*y + 76, f = 2*z - 3*y - 23. List the prime factors of z.
2
Let f(w) = 51*w**3 + 2*w - 1. Let i be f(1). Suppose -i = 2*s - 6*t + t, -3*s = -5*t + 68. Let c = -10 - s. What are the prime factors of c?
2, 3
Suppose 5*d - 35 = 385. What are the prime factors of d?
2, 3, 7
List the prime factors of (-12)/66 - (-796)/22.
2, 3
Let d be (-75)/(-11) - 2/(-11). Suppose a = d - 4. Suppose 0 = 2*l + 4*m - 24, -2*l + m + a*m = 0. What are the prime factors of l?
2, 3
Let p = -7 - -15. List the prime factors of (-84)/8*p/(-3).
2, 7
Let y = 2 + 0. Let u(f) = f**3 - 2*f. Let p be u(y). Let g(j) = -j**3 + 5*j**2 - j - 4. What are the prime factors of g(p)?
2
Suppose -4*n - 13 = 3*m + n, 4*n = -4*m - 4. Suppose -m - 2 = -3*b. Suppose d - 17 - b = 0. What are the prime factors of d?
19
Suppose v - 4*d - 70 = 0, -254 = -2*v - v + d. Suppose -h + v = h. List the prime factors of h.
43
Suppose -d - k + 364 = 0, -5*k + 24 = -d + 388. List the prime factors of d.
2, 7, 13
Suppose 8*l = 5*o + 3*l - 15, -2*l - 6 = 0. Suppose 2*k - 9 - 9 = o. List the prime factors of k.
3
List the prime factors of (9*-2)/((-26)/247).
3, 19
Suppose -3*y + 8*y = 315. List the prime factors of y.
3, 7
Let r(d) = 2*d. Let t = -3 + 2. Let s be t/(0 - (1 + 0)). What are the prime factors of r(s)?
2
Let a(d) = 2*d + 4. List the prime factors of a(11).
2, 13
Let a be (11 + (-4 - -1))*-4. What are the prime factors of 36/(-16)*a/3?
2, 3
Let k(h) = -h**2 + 11*h - 11. Let d be k(9). Let g = d + 2. Suppose -t - g = -4*t. List the prime factors of t.
3
Suppose f - 256 = -94. What are the prime factors of f?
2, 3
Let x(q) be the first derivative of -q**6/360 + q**5/120 + 11*q**4/24 + 5*q**3/3 + 1. Let p(s) be the third derivative of x(s). List the prime factors of p(0).
11
Let j = 63 - 33. What are the prime factors of j?
2, 3, 5
Suppose 5 = 5*x, -3*s - s - x + 57 = 0. Let p = -10 + s. List the prime factors of p.
2
Let d = 81 + -46. Suppose -2*p + d = -19. What are the prime factors of p?
3
Let d(t) = 3*t - 4*t + 15 + 3*t. Let f(b) = -5*b - 44. Let p(c) = -8*d(c) - 3*f(c). What are the prime factors of p(5)?
7
Suppose -5*a - 2*l = -4*l - 49, 3*a + l = 36. What are the prime factors of a?
11
Suppose 4*y = 84 + 88. What are the prime factors of y/5 - (-4)/10?
3
Suppose 16*g - 5*g - 1254 = 0. List the prime factors of g.
2, 3, 19
Suppose -5*f + 881 = -269. List the prime factors of f.
2, 5, 23
Suppose -4*q = 3*t + 6, -4*t + 2 = -q - 5*t. What are the prime factors of (0 + 36 + q)/1?
2, 3
Suppose -4*p + 274 = -142. What are the prime factors of p?
2, 13
Let c = 6 - 2. Suppose -c*v = -3*v - 4. Suppose 0 = i - v*i + p + 26, 0 = i + 4*p - 13. List the prime factors of i.
3
Let v(i) = i**3 - 3*i**2 - 7. List the prime factors of v(5).
43
Let a be -5 + 3 + -13 - -1. Let h be 4/a - (-38)/(-14). List the prime factors of (h - (-6)/4)*-10.
3, 5
Suppose 4*x - 3*x - 18 = 0. What are the prime factors of x?
2, 3
List the prime factors of (17 - 4)/((-1)/(-5)).
5, 13
Let o = -6 + 10. Let k = o - 1. Suppose k*g + 4*r - 35 = 0, -2*r = 3*g + g - 40. What are the prime factors of g?
3
Let h(s) = -s**3 + 6*s**2 - 6*s + 4. Suppose -4*b + j = 15 - 2, 5*b - 2*j + 17 = 0. Let x = b + 7. List the prime factors of h(x).
2, 3
Let i be (-22)/4*(1 - 3). Let t(l) = -l**3 + 10*l**2 + 11*l + 10. What are the prime factors of t(i)?
2, 5
What are the prime factors of 1/10 + 43659/110?
397
Let x = 78 + 172. What are the prime factors of x?
2, 5
Let y(t) = 6 - 5*t**2 + 2*t**3 - 3*t**3 + t + 1. Let s(d) = -